{"id":8,"date":"2012-10-04T15:01:30","date_gmt":"2012-10-04T15:01:30","guid":{"rendered":"http:\/\/animaliciousss.wordpress.com\/?page_id=2"},"modified":"2018-02-01T20:37:07","modified_gmt":"2018-02-01T20:37:07","slug":"about","status":"publish","type":"page","link":"https:\/\/animalicious.de\/?page_id=8","title":{"rendered":"\u00dcber mich"},"content":{"rendered":"<p><strong><span style=\"color:#57a8a5;\">animalicious ist die Plattform f\u00fcr<br \/>\n<\/span>\/\/ \u00c4sthetisches f\u00fcr Hunde, Katzen und deren Besitzer<br \/>\n\/\/ Innovative &amp; Smarte Ideen f\u00fcr Vierbeiner<br \/>\n\/\/ Skurriles und Am\u00fcsantes auf analogen und digitalen Kan\u00e4len<\/strong><\/p>\n<p>Meine Intention: exploring the cute side of (pet) life!<\/p>\n<p><strong>Tier x Lifestyle<br \/>\n<\/strong>animaliciousss beleuchtet die \u00e4sthetische Seite des Lebens von und mit Vierbeinern. Design, Mode, ausgefallene und hochwertige Produkte f\u00fcr Pflege, Nahrung sowie Services, die einen urbanen, lifestyle-affinen Tierhalter ansprechen \u2013 all das vereint animalicious in Form von Produkttrends, Interviews mit Innovatoren, Vorausschauern und spannenden Menschen samt ihrer stilsicheren Begleiter auf vier Pfoten.<\/p>\n<p><span style=\"color:#57a89d;\"><strong><span style=\"color:#59a6a4;\">Wer steckt dahinter?<\/span><br \/>\n<\/strong><\/span>Ich bin<br \/>\n<strong>_Trendforscherin<\/strong><br \/>\n<strong> _Kulturwissenschaftlerin<\/strong><br \/>\n<strong> _Innovationsenthusiastin<\/strong><\/p>\n<p>und beobachte wie sich die Beziehung zwischen Mensch und Tier unter den Vorzeichen unseres gesellschaftlichen Wandels ver\u00e4ndert.<\/p>\n<p>Als Trendforscherin berate ich Kunden aus unterschiedlichen Branchen hinsichtlich ihrer Ausrichtung f\u00fcr die Zukunft. Trendforschung bedeutet neugierig zu sein f\u00fcr das, was einen allt\u00e4glich umgibt. Ich beobachte, hinterfrage, analysiere und kondensiere Dinge.<\/p>\n<p>Im Blog animalicious sammele und kuratiere ich meine soziokulturellen Beobachtungen und Ideen in Form von Bildern, Artikeln, Zitaten und Interviews.<\/p>\n<p>Als Tochter einer Veterin\u00e4rfamilie bin ich mit einer enormen Passion f\u00fcrs Tier gro\u00df geworden. Zahlreiche spannende Projekte f\u00fcr die Heimtierbranche erg\u00e4nzen diese auf professioneller Ebene. Nun habe ich beschlossen meiner Affinit\u00e4t f\u00fcr Trends und Innovationen rund um Hund und Katze eine Plattform zu geben.<\/p>\n<p>Ich bin leidenschaftlicher CUTEOLOGIST (= Expert in all cute things) und glaube an \u201ethe power of cute\u201c.<\/p>\n<p><strong>Leser x animaliciousss<\/strong><\/p>\n<p>Wenn Ihr Fragen, Feedback oder Anregungen habt, oder Euch etwas missf\u00e4llt, lasst es mich gerne wissen und schreibt mir an hello@animalicious.de<\/p>\n<div id=\"attachment_53\" style=\"width: 310px\" class=\"wp-caption alignleft\"><a href=\"http:\/\/animaliciousss.wordpress.com\/about\/antje_02_sw-6\/\" rel=\"attachment wp-att-53\"><img loading=\"lazy\" decoding=\"async\" aria-describedby=\"caption-attachment-53\" class=\"size-medium wp-image-53 \" title=\"Antje_02_SW\" alt=\"hello\" src=\"http:\/\/animaliciousss.files.wordpress.com\/2012\/10\/antje_02_sw6.jpg?w=300\" width=\"300\" height=\"300\" \/><\/a><p id=\"caption-attachment-53\" class=\"wp-caption-text\">Antje &#8211; enthusiastic CUTEOLOGIST<\/p><\/div>\n","protected":false},"excerpt":{"rendered":"<p>animalicious ist die Plattform f\u00fcr \/\/ \u00c4sthetisches f\u00fcr Hunde, Katzen und deren Besitzer [&hellip;]<\/p>\n","protected":false},"author":2,"featured_media":0,"parent":0,"menu_order":0,"comment_status":"open","ping_status":"open","template":"","meta":{"jetpack_post_was_ever_published":false,"footnotes":""},"class_list":["post-8","page","type-page","status-publish","hentry"],"yoast_head":"<!-- This site is optimized with the Yoast SEO plugin v27.4 - https:\/\/yoast.com\/product\/yoast-seo-wordpress\/ -->\n<title>\u00dcber mich - animalicious.de<\/title>\n<meta name=\"robots\" content=\"index, follow, max-snippet:-1, max-image-preview:large, max-video-preview:-1\" \/>\n<link rel=\"canonical\" href=\"https:\/\/animalicious.de\/?page_id=8\" \/>\n<meta property=\"og:locale\" content=\"de_DE\" \/>\n<meta property=\"og:type\" content=\"article\" \/>\n<meta property=\"og:title\" content=\"\u00dcber mich - animalicious.de\" \/>\n<meta property=\"og:description\" content=\"animalicious ist die Plattform f\u00fcr \/\/ \u00c4sthetisches f\u00fcr Hunde, Katzen und deren Besitzer [&hellip;]\" \/>\n<meta property=\"og:url\" content=\"https:\/\/animalicious.de\/?page_id=8\" \/>\n<meta property=\"og:site_name\" content=\"animalicious.de\" \/>\n<meta property=\"article:modified_time\" content=\"2018-02-01T20:37:07+00:00\" \/>\n<meta property=\"og:image\" content=\"http:\/\/animaliciousss.files.wordpress.com\/2012\/10\/antje_02_sw6.jpg?w=300\" \/>\n<meta name=\"twitter:card\" content=\"summary_large_image\" \/>\n<meta name=\"twitter:label1\" content=\"Gesch\u00e4tzte Lesezeit\" \/>\n\t<meta name=\"twitter:data1\" content=\"1\u00a0Minute\" \/>\n<script type=\"application\/ld+json\" class=\"yoast-schema-graph\">{\"@context\":\"https:\\\/\\\/schema.org\",\"@graph\":[{\"@type\":\"WebPage\",\"@id\":\"https:\\\/\\\/animalicious.de\\\/?page_id=8\",\"url\":\"https:\\\/\\\/animalicious.de\\\/?page_id=8\",\"name\":\"\u00dcber mich - animalicious.de\",\"isPartOf\":{\"@id\":\"https:\\\/\\\/animalicious.de\\\/#website\"},\"primaryImageOfPage\":{\"@id\":\"https:\\\/\\\/animalicious.de\\\/?page_id=8#primaryimage\"},\"image\":{\"@id\":\"https:\\\/\\\/animalicious.de\\\/?page_id=8#primaryimage\"},\"thumbnailUrl\":\"http:\\\/\\\/animaliciousss.files.wordpress.com\\\/2012\\\/10\\\/antje_02_sw6.jpg?w=300\",\"datePublished\":\"2012-10-04T15:01:30+00:00\",\"dateModified\":\"2018-02-01T20:37:07+00:00\",\"breadcrumb\":{\"@id\":\"https:\\\/\\\/animalicious.de\\\/?page_id=8#breadcrumb\"},\"inLanguage\":\"de\",\"potentialAction\":[{\"@type\":\"ReadAction\",\"target\":[\"https:\\\/\\\/animalicious.de\\\/?page_id=8\"]}]},{\"@type\":\"ImageObject\",\"inLanguage\":\"de\",\"@id\":\"https:\\\/\\\/animalicious.de\\\/?page_id=8#primaryimage\",\"url\":\"http:\\\/\\\/animaliciousss.files.wordpress.com\\\/2012\\\/10\\\/antje_02_sw6.jpg?w=300\",\"contentUrl\":\"http:\\\/\\\/animaliciousss.files.wordpress.com\\\/2012\\\/10\\\/antje_02_sw6.jpg?w=300\"},{\"@type\":\"BreadcrumbList\",\"@id\":\"https:\\\/\\\/animalicious.de\\\/?page_id=8#breadcrumb\",\"itemListElement\":[{\"@type\":\"ListItem\",\"position\":1,\"name\":\"Startseite\",\"item\":\"https:\\\/\\\/animalicious.de\\\/\"},{\"@type\":\"ListItem\",\"position\":2,\"name\":\"\u00dcber mich\"}]},{\"@type\":\"WebSite\",\"@id\":\"https:\\\/\\\/animalicious.de\\\/#website\",\"url\":\"https:\\\/\\\/animalicious.de\\\/\",\"name\":\"animalicious.de\",\"description\":\"Shaping what&#039;s next in petcare\",\"publisher\":{\"@id\":\"https:\\\/\\\/animalicious.de\\\/#organization\"},\"potentialAction\":[{\"@type\":\"SearchAction\",\"target\":{\"@type\":\"EntryPoint\",\"urlTemplate\":\"https:\\\/\\\/animalicious.de\\\/?s={search_term_string}\"},\"query-input\":{\"@type\":\"PropertyValueSpecification\",\"valueRequired\":true,\"valueName\":\"search_term_string\"}}],\"inLanguage\":\"de\"},{\"@type\":\"Organization\",\"@id\":\"https:\\\/\\\/animalicious.de\\\/#organization\",\"name\":\"animalicious.de\",\"url\":\"https:\\\/\\\/animalicious.de\\\/\",\"logo\":{\"@type\":\"ImageObject\",\"inLanguage\":\"de\",\"@id\":\"https:\\\/\\\/animalicious.de\\\/#\\\/schema\\\/logo\\\/image\\\/\",\"url\":\"https:\\\/\\\/animalicious.de\\\/wp-content\\\/uploads\\\/2026\\\/03\\\/cropped-Logo_Animalicious_allblue_fett_seitliche_Tiere-Kopie.png\",\"contentUrl\":\"https:\\\/\\\/animalicious.de\\\/wp-content\\\/uploads\\\/2026\\\/03\\\/cropped-Logo_Animalicious_allblue_fett_seitliche_Tiere-Kopie.png\",\"width\":1080,\"height\":355,\"caption\":\"animalicious.de\"},\"image\":{\"@id\":\"https:\\\/\\\/animalicious.de\\\/#\\\/schema\\\/logo\\\/image\\\/\"},\"sameAs\":[\"https:\\\/\\\/www.instagram.com\\\/animalicious___trends\\\/\"]}]}<\/script>\n<!-- \/ Yoast SEO plugin. -->","yoast_head_json":{"title":"\u00dcber mich - animalicious.de","robots":{"index":"index","follow":"follow","max-snippet":"max-snippet:-1","max-image-preview":"max-image-preview:large","max-video-preview":"max-video-preview:-1"},"canonical":"https:\/\/animalicious.de\/?page_id=8","og_locale":"de_DE","og_type":"article","og_title":"\u00dcber mich - animalicious.de","og_description":"animalicious ist die Plattform f\u00fcr \/\/ \u00c4sthetisches f\u00fcr Hunde, Katzen und deren Besitzer [&hellip;]","og_url":"https:\/\/animalicious.de\/?page_id=8","og_site_name":"animalicious.de","article_modified_time":"2018-02-01T20:37:07+00:00","og_image":[{"url":"http:\/\/animaliciousss.files.wordpress.com\/2012\/10\/antje_02_sw6.jpg?w=300","type":"","width":"","height":""}],"twitter_card":"summary_large_image","twitter_misc":{"Gesch\u00e4tzte Lesezeit":"1\u00a0Minute"},"schema":{"@context":"https:\/\/schema.org","@graph":[{"@type":"WebPage","@id":"https:\/\/animalicious.de\/?page_id=8","url":"https:\/\/animalicious.de\/?page_id=8","name":"\u00dcber mich - animalicious.de","isPartOf":{"@id":"https:\/\/animalicious.de\/#website"},"primaryImageOfPage":{"@id":"https:\/\/animalicious.de\/?page_id=8#primaryimage"},"image":{"@id":"https:\/\/animalicious.de\/?page_id=8#primaryimage"},"thumbnailUrl":"http:\/\/animaliciousss.files.wordpress.com\/2012\/10\/antje_02_sw6.jpg?w=300","datePublished":"2012-10-04T15:01:30+00:00","dateModified":"2018-02-01T20:37:07+00:00","breadcrumb":{"@id":"https:\/\/animalicious.de\/?page_id=8#breadcrumb"},"inLanguage":"de","potentialAction":[{"@type":"ReadAction","target":["https:\/\/animalicious.de\/?page_id=8"]}]},{"@type":"ImageObject","inLanguage":"de","@id":"https:\/\/animalicious.de\/?page_id=8#primaryimage","url":"http:\/\/animaliciousss.files.wordpress.com\/2012\/10\/antje_02_sw6.jpg?w=300","contentUrl":"http:\/\/animaliciousss.files.wordpress.com\/2012\/10\/antje_02_sw6.jpg?w=300"},{"@type":"BreadcrumbList","@id":"https:\/\/animalicious.de\/?page_id=8#breadcrumb","itemListElement":[{"@type":"ListItem","position":1,"name":"Startseite","item":"https:\/\/animalicious.de\/"},{"@type":"ListItem","position":2,"name":"\u00dcber mich"}]},{"@type":"WebSite","@id":"https:\/\/animalicious.de\/#website","url":"https:\/\/animalicious.de\/","name":"animalicious.de","description":"Shaping what&#039;s next in petcare","publisher":{"@id":"https:\/\/animalicious.de\/#organization"},"potentialAction":[{"@type":"SearchAction","target":{"@type":"EntryPoint","urlTemplate":"https:\/\/animalicious.de\/?s={search_term_string}"},"query-input":{"@type":"PropertyValueSpecification","valueRequired":true,"valueName":"search_term_string"}}],"inLanguage":"de"},{"@type":"Organization","@id":"https:\/\/animalicious.de\/#organization","name":"animalicious.de","url":"https:\/\/animalicious.de\/","logo":{"@type":"ImageObject","inLanguage":"de","@id":"https:\/\/animalicious.de\/#\/schema\/logo\/image\/","url":"https:\/\/animalicious.de\/wp-content\/uploads\/2026\/03\/cropped-Logo_Animalicious_allblue_fett_seitliche_Tiere-Kopie.png","contentUrl":"https:\/\/animalicious.de\/wp-content\/uploads\/2026\/03\/cropped-Logo_Animalicious_allblue_fett_seitliche_Tiere-Kopie.png","width":1080,"height":355,"caption":"animalicious.de"},"image":{"@id":"https:\/\/animalicious.de\/#\/schema\/logo\/image\/"},"sameAs":["https:\/\/www.instagram.com\/animalicious___trends\/"]}]}},"jetpack_sharing_enabled":true,"jetpack_shortlink":"https:\/\/wp.me\/P9CaTu-8","_links":{"self":[{"href":"https:\/\/animalicious.de\/index.php?rest_route=\/wp\/v2\/pages\/8","targetHints":{"allow":["GET"]}}],"collection":[{"href":"https:\/\/animalicious.de\/index.php?rest_route=\/wp\/v2\/pages"}],"about":[{"href":"https:\/\/animalicious.de\/index.php?rest_route=\/wp\/v2\/types\/page"}],"author":[{"embeddable":true,"href":"https:\/\/animalicious.de\/index.php?rest_route=\/wp\/v2\/users\/2"}],"replies":[{"embeddable":true,"href":"https:\/\/animalicious.de\/index.php?rest_route=%2Fwp%2Fv2%2Fcomments&post=8"}],"version-history":[{"count":2,"href":"https:\/\/animalicious.de\/index.php?rest_route=\/wp\/v2\/pages\/8\/revisions"}],"predecessor-version":[{"id":735,"href":"https:\/\/animalicious.de\/index.php?rest_route=\/wp\/v2\/pages\/8\/revisions\/735"}],"wp:attachment":[{"href":"https:\/\/animalicious.de\/index.php?rest_route=%2Fwp%2Fv2%2Fmedia&parent=8"}],"curies":[{"name":"wp","href":"https:\/\/api.w.org\/{rel}","templated":true}]}}